{"id":256,"date":"2024-10-23T17:39:46","date_gmt":"2024-10-23T15:39:46","guid":{"rendered":"http:\/\/fckhwfr.cluster029.hosting.ovh.net\/?page_id=256"},"modified":"2024-10-23T17:50:38","modified_gmt":"2024-10-23T15:50:38","slug":"mes-engagdfgdfgdfgice","status":"publish","type":"page","link":"https:\/\/prismeconsultants.fr\/index.php\/mes-engagdfgdfgdfgice\/","title":{"rendered":"Valeurs"},"content":{"rendered":"\n<h4 class=\"wp-block-heading has-text-color has-link-color wp-elements-66f026254e253cce2410547fa220e0fa\" style=\"color:#fa9643\">ECOUTE<\/h4>\n\n\n\n<p>L\u2019\u00e9coute se traduit par une phase syst\u00e9matique de diagnostic de votre m\u00e9tier, de vos processus existants et de votre secteur d\u2019activit\u00e9. Indispensable, elle permet de comprendre vos besoins, vos enjeux et vos attentes afin de vous pr\u00e9coniser des solutions personnalis\u00e9es.<\/p>\n\n\n\n<p class=\"has-text-align-right\"><strong>L\u2019\u00e9coute est la valeur essentielle \u00e0 la pratique du conseil !\u00a0<\/strong><\/p>\n\n\n\n<h4 class=\"wp-block-heading has-text-color has-link-color wp-elements-50f9eb02479c5476a523ccea3e84d71b\" style=\"color:#fa9643\">EXIGENCES<\/h4>\n\n\n\n<p>R\u00e9pondre avec m\u00e9thodologie et pr\u00e9cision \u00e0 l\u2019exhaustivit\u00e9 de vos besoins constitue ma principale exigence.<br>Qualit\u00e9 de mes services, r\u00e9ussite de mes missions, respect des \u00e9ch\u00e9ances et votre satisfaction restent des<br>objectifs essentiels dans mon activit\u00e9 de conseil.<br>Le maintien de ce niveau d\u2019exigences se traduit par des entretiens de suivi et de bilan de fin de mission et par la formalisation d\u2019axes de progr\u00e8s. <\/p>\n\n\n\n<p class=\"has-text-align-right\"><strong>L\u2019exigence est un pr\u00e9requis dans le m\u00e9tier de conseil !\u00a0<\/strong><\/p>\n\n\n\n<h4 class=\"wp-block-heading has-accent-color has-text-color has-link-color wp-elements-5819ff3c918639005de8110ad131e78c\">INTEGRITE<\/h4>\n\n\n\n<p>L&rsquo;int\u00e9grit\u00e9, c&rsquo;est transmettre aux clients toutes informations ou explications utiles et ce en toute ind\u00e9pendance et transparence. C&rsquo;est s&rsquo;assurer de la cr\u00e9dibilit\u00e9 des conseils pr\u00e9conis\u00e9s. C&rsquo;est enfin la garantie d&rsquo;une objectivit\u00e9 attendue par les clients face \u00e0 des probl\u00e9matiques identifi\u00e9es.<\/p>\n\n\n\n<p class=\"has-text-align-right\"><strong>\u00catre int\u00e8gre, c\u2019est \u00eatre cr\u00e9dible !\u00a0<\/strong><\/p>\n\n\n\n<h4 class=\"wp-block-heading has-accent-color has-text-color has-link-color wp-elements-9b5049f841c9d1006eee542a348f2ce3\">CONFIANCE<\/h4>\n\n\n\n<p>La confiance est issue de l&rsquo;\u00e9coute que l&rsquo;on apporte aux clients, du niveau d&rsquo;exigence que l&rsquo;on entend mettre en \u0153uvre et d&rsquo;une int\u00e9grit\u00e9 reconnue. Elle s&rsquo;acquiert \u00e9galement par une conduite exemplaire et par des engagements formalis\u00e9s du Cabinet conseil. C&rsquo;est l&rsquo;ABCD de toute r\u00e9ussite de projets.<\/p>\n\n\n\n<p class=\"has-text-align-right\"><strong>La confiance permet de construire un v\u00e9ritable partenariat !<\/strong>\u00a0<span style=\"font-size:10.5pt;\nfont-family:&quot;Times New Roman&quot;,serif;mso-fareast-font-family:&quot;Times New Roman&quot;;\ncolor:#444444;mso-fareast-language:FR\"><\/span><br><br><\/p>\n","protected":false},"excerpt":{"rendered":"<p>ECOUTE L\u2019\u00e9coute se traduit par une phase syst\u00e9matique de diagnostic de votre m\u00e9tier, de vos processus existants et de votre secteur d\u2019activit\u00e9. Indispensable, elle permet de comprendre vos besoins, vos enjeux et vos attentes afin de vous pr\u00e9coniser des solutions personnalis\u00e9es. L\u2019\u00e9coute est la valeur essentielle \u00e0 la pratique du [&hellip;]<\/p>\n","protected":false},"author":1,"featured_media":0,"parent":0,"menu_order":0,"comment_status":"closed","ping_status":"closed","template":"","meta":{"footnotes":""},"class_list":["post-256","page","type-page","status-publish","hentry"],"_links":{"self":[{"href":"https:\/\/prismeconsultants.fr\/index.php\/wp-json\/wp\/v2\/pages\/256","targetHints":{"allow":["GET"]}}],"collection":[{"href":"https:\/\/prismeconsultants.fr\/index.php\/wp-json\/wp\/v2\/pages"}],"about":[{"href":"https:\/\/prismeconsultants.fr\/index.php\/wp-json\/wp\/v2\/types\/page"}],"author":[{"embeddable":true,"href":"https:\/\/prismeconsultants.fr\/index.php\/wp-json\/wp\/v2\/users\/1"}],"replies":[{"embeddable":true,"href":"https:\/\/prismeconsultants.fr\/index.php\/wp-json\/wp\/v2\/comments?post=256"}],"version-history":[{"count":6,"href":"https:\/\/prismeconsultants.fr\/index.php\/wp-json\/wp\/v2\/pages\/256\/revisions"}],"predecessor-version":[{"id":267,"href":"https:\/\/prismeconsultants.fr\/index.php\/wp-json\/wp\/v2\/pages\/256\/revisions\/267"}],"wp:attachment":[{"href":"https:\/\/prismeconsultants.fr\/index.php\/wp-json\/wp\/v2\/media?parent=256"}],"curies":[{"name":"wp","href":"https:\/\/api.w.org\/{rel}","templated":true}]}}