{"id":195,"date":"2024-10-20T11:56:10","date_gmt":"2024-10-20T09:56:10","guid":{"rendered":"http:\/\/fckhwfr.cluster029.hosting.ovh.net\/?page_id=195"},"modified":"2024-10-23T19:05:41","modified_gmt":"2024-10-23T17:05:41","slug":"mes-engagements-de-service","status":"publish","type":"page","link":"https:\/\/prismeconsultants.fr\/index.php\/mes-engagements-de-service\/","title":{"rendered":"Engagements de service"},"content":{"rendered":"\n<h4 class=\"wp-block-heading has-text-color has-link-color wp-elements-90fff3a55bd2d79b294a74c39508b271\" style=\"color:#fa9643\">Une proposition contractuelle transparente<\/h4>\n\n\n\n<ul class=\"wp-block-list\">\n<li>Un nombre de jours de prestations fixe et d\u00e9finitif qui r\u00e9pond strictement \u00e0 votre demande et pas au-del\u00e0\n<ul class=\"wp-block-list\">\n<li>Absence de journ\u00e9es superflues et inutiles<\/li>\n\n\n\n<li>Absence de propositions d\u2019intervention consistant \u00e0 fixer un nombre de journ\u00e9es minimum puis des jours d\u2019ajustement <\/li>\n\n\n\n<li>En cas de d\u00e9passement du volume d\u2019intervention ou du temps de travail, aucune facturation sur le temps compl\u00e9mentaire consacr\u00e9.\n<ul class=\"wp-block-list\">\n<li>VOUS MAITRISEZ VOTRE BUDGET&nbsp;: AUCUN DEPASSEMENT<br><br><\/li>\n<\/ul>\n<\/li>\n<\/ul>\n<\/li>\n\n\n\n<li>Une facturation sans surprise\n<ul class=\"wp-block-list\">\n<li>Le forfait journalier d\u2019honoraire inclut les frais annexes (H\u00f4tellerie, d\u00e9placements, restauration\u2026).<\/li>\n\n\n\n<li>Absence dans tout contrat de journ\u00e9es de prestations r\u00e9alis\u00e9es hors site qui vous seraient factur\u00e9es&nbsp;: seules celles r\u00e9alis\u00e9es sur site (en vos locaux) le  seront.<\/li>\n\n\n\n<li>Aucun acompte vers\u00e9 lors de la signature du contrat.\n<ul class=\"wp-block-list\">\n<li>PAS DE SURPRISE DE FACTURATION<\/li>\n<\/ul>\n<\/li>\n<\/ul>\n<\/li>\n<\/ul>\n\n\n\n<h4 class=\"wp-block-heading has-text-color has-link-color wp-elements-5a7baeeff7ff1d3bb984130643561fb9\" style=\"color:#fa9643\">Une pr\u00e9sence et un accompagnement aupr\u00e8s de vos \u00e9quipes<\/h4>\n\n\n\n<ul class=\"wp-block-list\">\n<li>Un accompagnement structur\u00e9\n<ul class=\"wp-block-list\">\n<li>Un seul interlocuteur pour toute la mission<\/li>\n\n\n\n<li>Une planification partag\u00e9e de votre d\u00e9marche prenant en compte vos objectifs et le plan de  charges de vos \u00e9quipes<\/li>\n\n\n\n<li>Un accompagnement pragmatique et concret qui va \u00e0<br>l\u2019essentiel et qui permet \u00e0 vos collaborateurs de participer \u00e0 la Co construction de votre  d\u00e9marche <\/li>\n\n\n\n<li>Des livrables disponibles le lendemain de chaque intervention ou au plus tard dans les 48 heures (cartographie, proc\u00e9dures, comptes rendus ou tout autre document jug\u00e9 n\u00e9cessaire \u00e0 l\u2019atteinte des objectifs\u2026)<\/li>\n\n\n\n<li>Des points d\u2019avancement si n\u00e9cessaire avec votre direction notamment sur les points bloquants\n<ul class=\"wp-block-list\">\n<li>VOUS ETES REGULIEREMENT ASSURE DU SUIVI ET DE LA MAITRISE DE VOTRE PROJET<\/li>\n<\/ul>\n<\/li>\n<\/ul>\n<\/li>\n\n\n\n<li>Une pr\u00e9sence continue\n<ul class=\"wp-block-list\">\n<li>Une assistance 24h\/24 tout au long de l\u2019ann\u00e9e avec tout interlocuteur d\u00e9sign\u00e9 par vos soins <\/li>\n\n\n\n<li>Des rappels et\/ou r\u00e9ponses dans les 48 heures pour  toute demande \u00e9mise par sms ou courriel<\/li>\n\n\n\n<li>Une assistance gratuite aux action correctives apr\u00e8s audit de certification<\/li>\n\n\n\n<li>Une option d\u2019\u00e9volution et de suivi de votre d\u00e9marche qualit\u00e9\n<ul class=\"wp-block-list\">\n<li>VOUS ETES ASSURES QUE TOUTES VOS DEMANDES SONT PRISES EN COMPTE <br><br><\/li>\n<\/ul>\n<\/li>\n<\/ul>\n<\/li>\n<\/ul>\n\n\n\n<p><\/p>\n","protected":false},"excerpt":{"rendered":"<p>Une proposition contractuelle transparente Une pr\u00e9sence et un accompagnement aupr\u00e8s de vos \u00e9quipes<\/p>\n","protected":false},"author":1,"featured_media":0,"parent":0,"menu_order":0,"comment_status":"closed","ping_status":"closed","template":"","meta":{"footnotes":""},"class_list":["post-195","page","type-page","status-publish","hentry"],"_links":{"self":[{"href":"https:\/\/prismeconsultants.fr\/index.php\/wp-json\/wp\/v2\/pages\/195","targetHints":{"allow":["GET"]}}],"collection":[{"href":"https:\/\/prismeconsultants.fr\/index.php\/wp-json\/wp\/v2\/pages"}],"about":[{"href":"https:\/\/prismeconsultants.fr\/index.php\/wp-json\/wp\/v2\/types\/page"}],"author":[{"embeddable":true,"href":"https:\/\/prismeconsultants.fr\/index.php\/wp-json\/wp\/v2\/users\/1"}],"replies":[{"embeddable":true,"href":"https:\/\/prismeconsultants.fr\/index.php\/wp-json\/wp\/v2\/comments?post=195"}],"version-history":[{"count":11,"href":"https:\/\/prismeconsultants.fr\/index.php\/wp-json\/wp\/v2\/pages\/195\/revisions"}],"predecessor-version":[{"id":280,"href":"https:\/\/prismeconsultants.fr\/index.php\/wp-json\/wp\/v2\/pages\/195\/revisions\/280"}],"wp:attachment":[{"href":"https:\/\/prismeconsultants.fr\/index.php\/wp-json\/wp\/v2\/media?parent=195"}],"curies":[{"name":"wp","href":"https:\/\/api.w.org\/{rel}","templated":true}]}}